 = -2*c + 48. Calculate the greatest common factor of 6 and c.
6
Suppose 0 = -4*w + 3*g + 3160, 9*g = -w + 12*g + 781. What is the highest common divisor of 61 and w?
61
Suppose 30*c = 21749 - 3509. What is the highest common factor of c and 96?
32
Suppose -53*n - 294 = -67*n. What is the greatest common divisor of n and 6?
3
Suppose -4*l + 1105 = 1009. Calculate the highest common factor of l and 372.
12
Let l = -54 - -124. Let q be 10/(-55) - 532/(-22). Suppose -q - 26 = -5*w. What is the greatest common factor of w and l?
10
Let h be -17*(-8)/(-36) + 4/(-18). Let d(f) = -f**2 - 9*f - 2. Let y be d(h). Calculate the greatest common factor of 18 and y.
18
Let l = -139 + 141. Calculate the greatest common factor of l and 1.
1
Let k(c) = -c**3 + 62*c**2 + 129*c + 24. Let m be k(64). What is the highest common divisor of 506 and m?
22
Let g be (-16)/32 - 237/(-2). Let k = g - 60. Calculate the greatest common factor of k and 174.
58
Let k(h) = -h**3 - 3*h**2 - 2*h. Let w be k(-3). Let i be (-1*2/5)/((-5)/25). Suppose 0 = -i*j - 158 + 188. What is the highest common factor of w and j?
3
Let o(w) = w**3 - 7*w**2 + 3*w - 6. Suppose -4*p - 5*u + 48 = 0, 4*p = p + 5*u + 1. Let k be o(p). What is the greatest common divisor of k and 40?
5
Let a be ((-11)/220*5)/((-1)/20). What is the highest common factor of a and 50?
5
Let o = 290 - 180. Suppose -3*w + 3*r = 2 - 11, -3*w = -5*r - 11. Suppose -5*x = -48 - w. What is the greatest common divisor of o and x?
10
Suppose 0 = -2*k + 2*l + 6, -3*k - 3 = -5*k - l. Suppose -4*q = 5*a - 70, 3*a - 46 = -k*q - 6. What is the highest common divisor of a and 15?
5
Let m = 9 - -4. Suppose 2*a = 91 - m. Let v = -34 + a. Calculate the greatest common divisor of 45 and v.
5
Let u(g) = -g**2 + 10*g - 14. Let m be u(8). Suppose -s + 4*n + 91 = 31, -111 = -m*s + 5*n. Calculate the greatest common divisor of s and 3.
3
Let c(q) = 5*q - 2. Let j be c(2). Let x be (-2)/(-6) - 644/(-21) - -3. Let b be (2 + x)/(9/12*2). What is the highest common divisor of j and b?
8
Let d = 432 - 636. Let z be (3/6)/((-6)/d). Calculate the greatest common factor of 85 and z.
17
Let f = 3819 - 2619. What is the greatest common divisor of 15 and f?
15
Suppose -35 = 27*p - 34*p. What is the highest common divisor of 155 and p?
5
Let s(b) = -7*b**3 - 3*b**2 - 4*b - 2. Let l be s(-2). Let x = 2858 - 2838. Calculate the greatest common divisor of l and x.
10
Let s(q) = q**3 - 7*q**2 + 8*q - 9. Let z be s(6). Suppose j = 2*g - 2, 0*j - z*j + 12 = 3*g. What is the greatest common factor of 10 and g?
2
Let n be ((-555)/20 + 0)/(3/(-4)). Let a(v) = 37*v. Let b be a(5). Calculate the greatest common factor of n and b.
37
Let n(m) = -m**3 + 3*m**2 + 2*m - 4. Let y be n(3). Suppose -12 = y*v - 72. What is the highest common factor of 6 and v?
6
Let f be (95/45 + -2)*9 - -101. Calculate the highest common factor of 3 and f.
3
Let y(a) = -25*a - 7. Let o be y(-1). Calculate the greatest common factor of 288 and o.
18
Suppose 4*b - 19 = 65. Suppose 2*c + y - 2 = -1, -2*c + 5*y = -19. Let n be 29/2 + c/(-4). What is the highest common factor of b and n?
7
Let w(r) = -r**2 + 11*r - 14. Let g be w(9). What is the greatest common factor of 74 and g?
2
Suppose 3*o - 1 = 2. Let g(n) = 33*n**3 - 3*n**2 + n + 1. Let y be g(o). Let j be 4 - (3 + -1) - -14. Calculate the highest common factor of j and y.
16
Let r be 120/((-2)/(-3)*207/92). Calculate the highest common factor of 15 and r.
5
Suppose -2*b + 34 = 5*p + 5, 4*b - 16 = -4*p. Let i = -593 + 642. Calculate the highest common factor of i and p.
7
Let k(v) = 64*v - 3966. Let o be k(62). Suppose -2*n + 3*n - 1 = 0. What is the highest common divisor of o and n?
1
Suppose n - 2*n - g = 6, 0 = 2*n + 5*g + 3. Let t(m) = 13*m - 6. Let k be t(6). Let f be ((-12)/n)/(2/k). Calculate the greatest common factor of 6 and f.
6
Suppose -w - 154 = -12*w. Let d be 5*(0 + 2 + -1). Let k be ((-27)/(-15) - -1)*d. Calculate the greatest common factor of w and k.
14
Suppose 0 = -0*c - 2*c. Suppose -4*n - 5*y + 57 = c, 3*n = 7*n + 3*y - 63. Suppose 0 = 55*v - 59*v + 180. What is the greatest common divisor of v and n?
9
Let f be -2 + 6 + 6*(-66)/(-6). Calculate the highest common divisor of f and 35.
35
Let l be (-36)/10*(-10)/(-6)*-3. Suppose 0 = 5*u - 2*x - 6, 4*x - l = -5*u - 0*x. What is the greatest common factor of u and 8?
2
Suppose -5*c + 23 = -h + 5*h, 0 = -h + 5*c - 13. Let x be (-10 - -12)/(1/h). What is the highest common divisor of 20 and x?
4
Suppose 0 = 57*j - 3434 + 185. Calculate the greatest common factor of 9 and j.
3
Suppose -3*a + k - 620 = 0, 2*k - 5*k + 612 = -3*a. Let d = 292 + a. Let h = -55 + 83. What is the greatest common factor of h and d?
28
Let t = 0 + 4. Suppose 0 = 6*b - b + 2*r - 28, 5*r - 4 = t*b. Suppose -3*d + 2*d - 4*f = 2, -4*d = f - 7. Calculate the highest common factor of b and d.
2
Let d = 852 + -346. What is the highest common divisor of 46 and d?
46
Suppose 21*d + 180 = 23*d. Let n = 122 - d. Calculate the highest common factor of 192 and n.
32
Suppose 0 = -2*s - 11 - 41. Let k be (s/10)/(2/(-10)). What is the greatest common factor of k and 78?
13
Suppose 0 = f + 2*o - 13 - 11, 5*f + 5*o - 120 = 0. Calculate the highest common divisor of f and 108.
12
Let y be 3/27 - (7 - 2770/18). What is the highest common factor of 98 and y?
49
Suppose 2*b + j + 17 - 502 = 0, 0 = 5*b + 2*j - 1210. What is the greatest common factor of 390 and b?
30
Suppose -4*a = 0, 0*u - 3*u - 4*a = -45. Let k(h) = h + 93. Let i be k(-12). Let r = i + -78. Calculate the highest common divisor of u and r.
3
Let c(j) = 7*j**2 + 4*j + 1. Let i be c(-1). Suppose -2*h + 170 = 5*z, -4*z = -z - 5*h - 133. What is the greatest common factor of z and i?
4
Suppose 8*p - 90 = 5*p. Suppose -230 = -3*m - 2*c + c, 280 = 4*m - 4*c. What is the highest common factor of m and p?
15
Let a be (11/4)/((-3)/(-12)). Let h = 87 - a. What is the highest common divisor of h and 19?
19
Suppose -97*l + 85*l = -4224. What is the greatest common factor of l and 484?
44
Suppose 3*z - 69 = 5*u, -5*z - u - 37 + 180 = 0. Let l = -17 + z. What is the highest common factor of 55 and l?
11
Let g be ((-80)/(-10))/(18/207). What is the greatest common factor of g and 69?
23
Suppose -4*l + 2 + 26 = -2*v, 38 = 5*l - v. Suppose -81 = -8*g + 4*g + 3*s, -5*g + 5*s + 95 = 0. Calculate the greatest common divisor of g and l.
8
Let w = 20 - 2. Let b be 133/9 + 4/w. Let l be (-98)/(-7) - 6 - -112. What is the greatest common factor of l and b?
15
Suppose 0 = 3*v - 5*p + 28, 4*p + 5 - 19 = v. Let a be (-38)/v - (-2)/3. Suppose -5 + 6 = o. Calculate the highest common divisor of o and a.
1
Suppose 2*v - 5*x + 92 = 0, 4*v - 3*x + 144 + 12 = 0. Let o be 1/(140/v + 4). What is the highest common divisor of 72 and o?
9
Suppose 34*a + 675 = 37*a. Let u(s) = s + 44. Let y be u(-19). Calculate the greatest common factor of a and y.
25
Let m(h) = 4*h**2 - 6*h + 8. Let k be m(4). Calculate the greatest common factor of 16 and k.
16
Suppose 0 = 5*c - 3*h - 17, 0 = -2*c + 4*h + 18. Let w = -1 + c. Suppose w = 5*m - 360 + 45. What is the greatest common divisor of 7 and m?
7
Let j = -95 + 491. What is the greatest common divisor of j and 11?
11
Suppose -4*w - 139 - 27 = -3*y, 0 = 4*y + w - 253. Calculate the highest common divisor of y and 310.
62
Suppose -3*h = 4*x + x - 1349, -2*h - 530 = -2*x. Let n = x - 158. Calculate the highest common divisor of n and 44.
22
Suppose 1351 - 5671 = -12*q. Let r = q - 216. Calculate the highest common factor of 16 and r.
16
Let z = -104 + 114. Let w(m) = -m**2 + 11*m - 4. Let q be w(8). What is the greatest common factor of q and z?
10
Let n(w) be the first derivative of w**3/3 + w**2/2 + 3*w + 6. Let g be n(-2). What is the highest common factor of g and 5?
5
Let h(t) = 39 + 76*t + 74*t - 149*t. Let k be h(-18). Calculate the greatest common factor of k and 7.
7
Let t(y) = 18*y - 48. Let a be t(10). Calculate the greatest common factor of a and 36.
12
Suppose -o - 5 = 0, -r = -0*o + o. Suppose -2*k - 6 = 0, 2*d + 3*k = r*d - 24. Let i be 154 + 4 - (-1 + d). What is the highest common divisor of i and 14?
14
Let d(z) = 38*z + 134. Let p be d(-3). What is the greatest common factor of 32 and p?
4
Let d be ((-105)/(-14))/(9/48). Calcu